 -1. Let v(f) be the first derivative of f**4 - 2*f**3/3 + f**2 - f - 5. List the prime factors of v(g).
3
Let z = 95 - 52. What are the prime factors of z?
43
Let c(i) = -i**3 - 5*i**2 - i - 1. Let f be c(-5). Suppose f*u = 30 + 58. What are the prime factors of u?
2, 11
Let x = -3 - -5. Let z be (2 + x)*(-42)/(-4). Suppose 4*w = z + 18. List the prime factors of w.
3, 5
Let t = 15 + -11. Suppose 2*u = -4*b + 104, -2*b - t*u + 49 + 15 = 0. Suppose -4*o + 8 + b = 0. List the prime factors of o.
2
Suppose -3*d = -0*d + 15, 2*s + 2*d + 6 = 0. Suppose 0 = -s*o - 0*o + 74. List the prime factors of o.
37
Suppose 2*h - 1 + 13 = 0. List the prime factors of 11 + h - (-2 - 1).
2
Let o(s) = -s**2 + 6*s + 10. Let y be o(7). Let q be 4/y*(-12)/(-8). Suppose 0*x + q = x. What are the prime factors of x?
2
Let p be (6/8)/((-3)/(-60)). Suppose -5*m - p = 4*a - 36, a - 2*m = -11. What are the prime factors of 12/10*(-5)/a?
2, 3
Let o be -2 - -5 - (2 + -1). Let i be (14 + o)/((-6)/(-3)). List the prime factors of (5/(-2)*i)/(-2).
2, 5
Let x(j) = -j + 1. Let b be x(-8). Let a be ((-9)/6)/((-6)/16). Suppose a*o - 27 = b. List the prime factors of o.
3
Let z(a) = 7*a + 4. Let o be z(5). Let t = -28 + o. List the prime factors of t.
11
Let o be (-3 - 0)/((-9)/(-12)). Let r be (6 + 0)/(-2)*2. Let q = o - r. List the prime factors of q.
2
Suppose -5*o + 40 = 5*m, 0 = 4*m + 4*o - 9*o - 5. Let n = m - -6. List the prime factors of n.
11
What are the prime factors of (-349)/(-9) + 12/54?
3, 13
Suppose 78 = -4*c + 7*c. What are the prime factors of c?
2, 13
Let v(f) = 2*f**2 - 3. Let x be v(3). Let u = -11 + x. Suppose 44 = 3*p + h + u, -30 = -2*p - 4*h. What are the prime factors of p?
13
Let c = -10 + 15. Let u(t) = t**3 - 4*t**2 + t - 6. List the prime factors of u(c).
2, 3
Let j(k) = k**2 + 9*k - 7. What are the prime factors of j(-16)?
3, 5, 7
Let l = -74 + 182. Suppose -5*o + c = -l, 5*o + 4*c - 90 = -c. List the prime factors of o.
3, 7
Suppose -4*f - 2*b = 2*b + 28, 0 = 5*f - 5*b + 5. Let h be (6/f)/((-21)/(-392)). List the prime factors of (-1)/(1 - h/(-26)).
13
Let i(q) be the second derivative of -q**5/20 - 5*q**4/12 + 2*q**3/3 - 4*q**2 - q. Let k be i(-6). Suppose 34 = k*g - 10. What are the prime factors of g?
11
Suppose 4*q + 4 = 3*p, -2*q + 4*p - 2 = -p. Let o be (-3)/(-2)*(q - 1). List the prime factors of (2/o)/(1/(-18)).
2, 3
Let f = 24 + -8. List the prime factors of f.
2
Let h(t) = t - 1. Let a(j) = -2*j + 2. Let y(n) = -4*a(n) - 7*h(n). What are the prime factors of y(5)?
2
What are the prime factors of -2*14/(-8)*8?
2, 7
Suppose j = -3*j + 36. Suppose 0*w - w = -j. What are the prime factors of w?
3
Let x = 3 - -23. Suppose 0 = 2*k - 2*o - x, -32 = -2*k - 2*o + 7*o. List the prime factors of k.
11
Let y(s) = -2*s**2 + 0 - s - s**3 + s + 3. List the prime factors of y(-4).
5, 7
Let s(i) = 3*i - 2. Let j be s(2). Let q(n) = n + 2. Let p be q(-4). Let l = p + j. What are the prime factors of l?
2
Suppose 4*u + 44 = -q, 8*u + 68 = 4*u + 5*q. List the prime factors of (-24)/9*45/u.
2, 5
Let b(q) = q + 8. List the prime factors of b(-6).
2
Suppose 2*n - m + 6*m + 11 = 0, -4*n - 2*m = -2. Suppose 3*d + n*o = -11, 6*d - 2*d = -3*o - 14. Let g(y) = y**2 + 5*y + 2. What are the prime factors of g(d)?
2
Suppose -2*k + 3*k + 3 = 0. Let t be (-74)/(-6) + 1/k. What are the prime factors of ((-8)/(-6))/(2/t)?
2
Suppose 9*x = -3*a + 6*x + 108, 5*a - 192 = -x. List the prime factors of a.
3, 13
Let a(f) = -30*f + 2. Let k(q) = -6*q - 9*q + 1 + 5*q. Let x(h) = -3*a(h) + 8*k(h). What are the prime factors of x(2)?
2, 11
Let j = 10 + -10. Suppose 0 = -2*p - j*k - 4*k + 62, p + k - 36 = 0. List the prime factors of p.
41
Suppose -65 = -5*p + 60. What are the prime factors of p?
5
Suppose 21*s - 18*s = 309. What are the prime factors of s?
103
Let y = 28 - 20. What are the prime factors of y?
2
Suppose 6 = -3*m + 24. Suppose x = m*x. Suppose 3*o + x*o = 21. List the prime factors of o.
7
List the prime factors of 3/(-12) + -1 + (-2900)/(-16).
2, 3, 5
Suppose 3*b - 26 = 2*l, -3 = -2*l - 11. Let c(o) = 2 + o**3 + 3*o - 7*o**2 + 0 + 3*o. What are the prime factors of c(b)?
2
Suppose 3*a + 98 = 2*l, 2*l = -0*l + 4*a + 102. Suppose 2*v - l - 63 = 0. List the prime factors of v.
53
Let m(f) be the second derivative of f**6/120 - 7*f**5/60 + 7*f**4/24 + f**2/2 - f. Let a(r) be the first derivative of m(r). List the prime factors of a(6).
2, 3
Suppose -2*y = 2*y - 4. Let s be y/3 + 17/3. Suppose 0 = 4*w - s*w + 4. What are the prime factors of w?
2
Let a = 55 + -14. What are the prime factors of a?
41
Let l = 471 + -267. Suppose l = 4*b - b. Suppose 2*f - 6*f = -b. List the prime factors of f.
17
Suppose 0 = -5*c - 61 + 311. List the prime factors of c.
2, 5
Let w = 178 + -122. What are the prime factors of w?
2, 7
Let k be 1/(((-2)/8)/(-1)). Suppose -k*f = -31 + 7. What are the prime factors of f?
2, 3
Let i(m) = m**2 - m + 8. Let y be i(0). Let n be ((-9)/12)/(2/y). What are the prime factors of (2 - (-1 - 17)) + n?
17
Let g(a) = 2*a - 2. What are the prime factors of g(3)?
2
Let g(b) = -b. Let n be g(2). Let j = n - -16. List the prime factors of j.
2, 7
Let o(r) = -r - 4. Let q = 4 + -6. Let g(u) = -2*u - 3. Let s(a) = q*g(a) + 3*o(a). What are the prime factors of s(11)?
5
Let a(p) be the first derivative of -p**3/3 + p**2/2 + 2*p - 2. Let k be a(-2). Let c = k - -6. List the prime factors of c.
2
Let y(j) = j**3 + 6*j**2 - 3. Let p be y(-6). What are the prime factors of p/2*306/(-27)?
17
Let u = -271 + 391. What are the prime factors of u?
2, 3, 5
What are the prime factors of (-44)/(-66) + (1 - (-110)/6)?
2, 5
Let m(f) = 0*f - f + 9 + 0*f + 2*f. Let h be m(-4). Suppose -4*i - 5*s = -38, 13 = -h*s + 3. List the prime factors of i.
2, 3
Suppose -82 - 389 = -3*f. What are the prime factors of f?
157
Suppose -6*c - 5*k = -c + 15, 0 = -5*c + k + 9. Let i be c/2 - (-6)/4. Suppose 0 = i*q - 3*q - 3*w - 5, 2*q - 22 = 2*w. List the prime factors of q.
7
Suppose 0 = -3*b - 11 + 86. Let i be 1*-2*14/(-2). Let k = b - i. List the prime factors of k.
11
Let v(c) = c - 9. Let t be v(11). List the prime factors of ((-81)/t)/(-3)*2.
3
Let n(o) = 9*o**2 - 3*o - 3. List the prime factors of n(-2).
3, 13
Let y = 13 - 8. Suppose -5*o - 10 - 10 = 0, y*o + 5 = 3*a. Let i = -1 - a. What are the prime factors of i?
2
Let r be 9/12 + 13/4. Suppose -2*a + 45 = 3*b, -r*a - 5 = -4*b + 35. What are the prime factors of b?
13
Suppose 5*d - 10 = 5. Let m = 1 - d. What are the prime factors of (-165)/(-12) + m/(-8)?
2, 7
List the prime factors of (((-725)/(-15))/(-5))/((-1)/18).
2, 3, 29
Suppose 0*l - 10 = -2*l. Suppose -2*w + 3 = -v - l, -4 = -w + v. Suppose -2*u = -u - 3*c + 4, w*c - 20 = 0. List the prime factors of u.
11
Suppose -5*l + 2*v + 153 - 42 = 0, l - 5*v = 36. Let r = l - 10. Let b = 6 + r. What are the prime factors of b?
17
Suppose 7*d + d = 0. Suppose -w = -3*p - 23, 6*w - w - 2*p - 89 = 0. Suppose -3*g = 4*c - w, -5*c + 4*g - 3*g + 26 = d. What are the prime factors of c?
5
Suppose 3*p = 14 + 4. Let n(o) = o**2 - 5*o + 9. Let y be n(p). Suppose -y = 3*i - 6*i, 2 = -c + 2*i. List the prime factors of c.
2
Let x(r) = r**3 + 5*r**2 - 2*r + 4. Let y = 5 + -9. Let g be x(y). Suppose -4*d = -2*d - g. List the prime factors of d.
2, 7
Suppose 0 = 4*c - n - 749, 4*n - 621 = -5*c + 289. What are the prime factors of c?
2, 3, 31
Let p(v) = -v**2 + 11*v - 1. Let y be p(5). Let m = y + -15. List the prime factors of m.
2, 7
Let s = 3 + -1. Suppose -55 = -s*j - 15. What are the prime factors of j?
2, 5
Let c(q) = 8*q - 18. Let k be c(9). Suppose 0 = -3*h - l + 162, -4*l - l - k = -h. List the prime factors of h.
2, 3
Suppose 3*z + 2*z - 75 = 0. Suppose 3*c = -2*c + z. List the prime factors of c.
3
Let a = 198 + -84. What are the prime factors of a?
2, 3, 19
Let x(u) = u**2 - 6*u + 4. Suppose 0*c = 3*c - 6. Suppose c*k - 21 = -k. What are the prime factors of x(k)?
11
Suppose 2*p - 20 = 14. Suppose -61 = -5*i - v, 5*i - p = -4*v + 47. What are the prime factors of i?
2, 3
Let m(v) be the second derivative of -v**4/12 + 4*v**3/3 - 2*v**2 + 2*v. What are the prime factors of m(6)?
2
Suppose 0*h + 90 = 2*h. What are the prime factors of h?
3, 5
Let m(s) = -2*s - 2 + 3*s - 3*s. List the prime f